divided by 13.
5
What is the remainder when 145 is divided by 19?
12
What is the remainder when 303 is divided by 76?
75
Calculate the remainder when 21 is divided by 13.
8
Calculate the remainder when 915 is divided by 5.
0
Calculate the remainder when 325 is divided by 160.
5
What is the remainder when 950 is divided by 136?
134
Calculate the remainder when 2408 is divided by 1201.
6
What is the remainder when 221 is divided by 32?
29
What is the remainder when 1269 is divided by 25?
19
Calculate the remainder when 94 is divided by 19.
18
Calculate the remainder when 7734 is divided by 65.
64
Calculate the remainder when 30 is divided by 16.
14
What is the remainder when 143 is divided by 10?
3
Calculate the remainder when 59 is divided by 12.
11
What is the remainder when 333 is divided by 302?
31
What is the remainder when 24 is divided by 22?
2
Calculate the remainder when 586 is divided by 84.
82
Calculate the remainder when 42 is divided by 11.
9
What is the remainder when 444 is divided by 134?
42
What is the remainder when 413 is divided by 69?
68
What is the remainder when 255 is divided by 77?
24
Calculate the remainder when 75 is divided by 39.
36
What is the remainder when 115 is divided by 30?
25
What is the remainder when 1385 is divided by 457?
14
Calculate the remainder when 1329 is divided by 23.
18
What is the remainder when 81 is divided by 28?
25
Calculate the remainder when 14 is divided by 1.
0
Calculate the remainder when 281 is divided by 77.
50
Calculate the remainder when 790 is divided by 207.
169
Calculate the remainder when 4055 is divided by 1011.
11
Calculate the remainder when 3467 is divided by 102.
101
Calculate the remainder when 169 is divided by 35.
29
What is the remainder when 49 is divided by 21?
7
Calculate the remainder when 125 is divided by 21.
20
What is the remainder when 27 is divided by 15?
12
What is the remainder when 238 is divided by 26?
4
What is the remainder when 215 is divided by 62?
29
Calculate the remainder when 34 is divided by 13.
8
What is the remainder when 2535 is divided by 31?
24
Calculate the remainder when 117 is divided by 45.
27
What is the remainder when 512 is divided by 232?
48
What is the remainder when 28 is divided by 12?
4
What is the remainder when 341 is divided by 176?
165
Calculate the remainder when 22 is divided by 14.
8
What is the remainder when 4020 is divided by 401?
10
What is the remainder when 285 is divided by 74?
63
Calculate the remainder when 211 is divided by 25.
11
Calculate the remainder when 99 is divided by 60.
39
Calculate the remainder when 219 is divided by 34.
15
What is the remainder when 5057 is divided by 18?
17
What is the remainder when 24595 is divided by 98?
95
Calculate the remainder when 436 is divided by 9.
4
Calculate the remainder when 182 is divided by 19.
11
Calculate the remainder when 321 is divided by 18.
15
What is the remainder when 27 is divided by 6?
3
What is the remainder when 950 is divided by 138?
122
Calculate the remainder when 825 is divided by 387.
51
Calculate the remainder when 358 is divided by 111.
25
Calculate the remainder when 137 is divided by 44.
5
Calculate the remainder when 7060 is divided by 31.
23
Calculate the remainder when 247 is divided by 4.
3
Calculate the remainder when 1077 is divided by 40.
37
What is the remainder when 397 is divided by 261?
136
Calculate the remainder when 667 is divided by 68.
55
Calculate the remainder when 4635 is divided by 108.
99
What is the remainder when 900 is divided by 102?
84
Calculate the remainder when 665 is divided by 74.
73
What is the remainder when 315 is divided by 126?
63
Calculate the remainder when 941 is divided by 96.
77
Calculate the remainder when 370 is divided by 97.
79
Calculate the remainder when 22255 is divided by 371.
366
Calculate the remainder when 28 is divided by 19.
9
Calculate the remainder when 1400 is divided by 23.
20
Calculate the remainder when 67 is divided by 18.
13
What is the remainder when 62 is divided by 18?
8
What is the remainder when 933 is divided by 36?
33
Calculate the remainder when 456 is divided by 196.
64
Calculate the remainder when 198 is divided by 51.
45
What is the remainder when 1311 is divided by 101?
99
What is the remainder when 123 is divided by 22?
13
What is the remainder when 1701 is divided by 3?
0
Calculate the remainder when 177 is divided by 30.
27
What is the remainder when 30 is divided by 9?
3
Calculate the remainder when 3133 is divided by 184.
5
Calculate the remainder when 441 is divided by 17.
16
Calculate the remainder when 81 is divided by 14.
11
Calculate the remainder when 56 is divided by 28.
0
What is the remainder when 812 is divided by 22?
20
What is the remainder when 623 is divided by 6?
5
Calculate the remainder when 256 is divided by 82.
10
Calculate the remainder when 534 is divided by 197.
140
What is the remainder when 197 is divided by 68?
61
Calculate the remainder when 24 is divided by 7.
3
What is the remainder when 154 is divided by 6?
4
Calculate the remainder when 335 is divided by 27.
11
What is the remainder when 1251 is divided by 154?
19
What is the remainder when 4491 is divided by 560?
11
Calculate the remainder when 922 is divided by 50.
22
What is the remainder when 3182 is divided by 16?
14
What is the remainder when 365 is divided by 15?
5
What is the remainder when 1758 is divided by 68?
58
What is the remainder when 197 is divided by 20?
17
Calculate the remainder when 1382 is divided by 676.
30
What is the remainder when 79 is divided by 40?
39
What is the remainder when 322 is divided by 49?
28
Calculate the remainder when 4445 is divided by 19.
18
What is the remainder when 180 is divided by 22?
4
What is the remainder when 6769 is divided by 61?
59
What is the remainder when 2484 is divided by 30?
24
What is the remainder when 927 is divided by 307?
6
Calculate the remainder when 94 is divided by 15.
4
What is the remainder when 1357 is divided by 17?
14
What is the remainder when 9998 is divided by 43?
22
Calculate the remainder when 374 is divided by 29.
26
What is the remainder when 221 is divided by 86?
49
Calculate the remainder when 568 is divided by 11.
7
What is the remainder when 4199 is divided by 30?
29
What is the remainder when 236 is divided by 98?
40
Calculate the remainder when 416 is divided by 31.
13
What is the remainder when 2247 is divided by 561?
3
What is the remainder when 35 is divided by 17?
1
Calculate the remainder when 1808 is divided by 40.
8
Calculate the remainder when 569 is divided by 174.
47
What is the remainder when 1551 is divided by 77?
11
Calculate the remainder when 4509 is divided by 2252.
5
Calculate the remainder when 119 is divided by 33.
20
What is the remainder when 110 is divided by 22?
0
Calculate the remainder when 414 is divided by 85.
74
Calculate the remainder when 1463 is divided by 24.
23
What is the remainder when 279 is divided by 77?
48
Calculate the remainder when 30105 is divided by 26.
23
Calculate the remainder when 256 is divided by 26.
22
Calculate the remainder when 468 is divided by 32.
20
What is the remainder when 1881 is divided by 22?
11
Calculate the remainder when 192 is divided by 63.
3
What is the remainder when 29733 is divided by 354?
351
What is the remainder when 127 is divided by 40?
7
What is the remainder when 4999 is divided by 10?
9
Calculate the remainder when 224 is divided by 25.
24
Calculate the remainder when 3450 is divided by 1716.
18
What is the remainder when 3687 is divided by 263?
5
Calculate the remainder when 809 is divided by 74.
69
What is the remainder when 6595 is divided by 17?
16
Calculate the remainder when 93 is divided by 11.
5
Calculate the remainder when 123 is divided by 37.
12
What is the remainder when 1472 is divided by 59?
56
Calculate the remainder when 1377 is divided by 30.
27
What is the remainder when 26 is divided by 26?
0
What is the remainder when 244 is divided by 35?
34
What is the remainder when 469 is divided by 156?
1
Calculate the remainder when 1172 is divided by 19.
13
What is the remainder when 350 is divided by 71?
66
What is the remainder when 439 is divided by 63?
61
Calculate the remainder when 1104 is divided by 2